s divided by 2224132.
1
Calculate the remainder when 261612 is divided by 15358.
526
What is the remainder when 1305947 is divided by 18138?
11
Calculate the remainder when 930531 is divided by 2831.
1963
What is the remainder when 150503 is divided by 1463?
1277
Calculate the remainder when 783641 is divided by 864.
857
What is the remainder when 8991469 is divided by 2330?
2329
What is the remainder when 410303 is divided by 98?
75
Calculate the remainder when 33564187 is divided by 2326.
7
What is the remainder when 6332442 is divided by 9941?
25
What is the remainder when 2036458 is divided by 12050?
8
What is the remainder when 51738391 is divided by 64?
23
Calculate the remainder when 6017175 is divided by 4920.
15
What is the remainder when 193507 is divided by 193130?
377
Calculate the remainder when 755584 is divided by 377715.
154
What is the remainder when 584068 is divided by 76?
8
Calculate the remainder when 222489 is divided by 1434.
219
Calculate the remainder when 260138535 is divided by 56.
55
What is the remainder when 34626303 is divided by 93?
78
Calculate the remainder when 29207394 is divided by 4867899.
0
What is the remainder when 3210564 is divided by 340?
284
What is the remainder when 24421 is divided by 23959?
462
Calculate the remainder when 356014 is divided by 13.
9
What is the remainder when 290537 is divided by 7838?
531
What is the remainder when 46640558 is divided by 24743?
3
What is the remainder when 32708241 is divided by 2044264?
17
Calculate the remainder when 5603404 is divided by 41.
16
What is the remainder when 11924804 is divided by 3730?
3724
What is the remainder when 48725 is divided by 24353?
19
Calculate the remainder when 276059 is divided by 2604.
35
What is the remainder when 91470 is divided by 7475?
1770
What is the remainder when 78255 is divided by 7100?
155
What is the remainder when 666238 is divided by 76?
22
Calculate the remainder when 45576 is divided by 876.
24
What is the remainder when 5340616 is divided by 2010?
46
What is the remainder when 2268052 is divided by 949?
891
Calculate the remainder when 187021 is divided by 31112.
349
Calculate the remainder when 2978451 is divided by 2693.
2686
What is the remainder when 1673618 is divided by 162?
158
Calculate the remainder when 211091 is divided by 69449.
2744
What is the remainder when 173155 is divided by 996?
847
What is the remainder when 73568350 is divided by 1518?
1516
Calculate the remainder when 25165943 is divided by 3595128.
47
What is the remainder when 90086 is divided by 222?
176
Calculate the remainder when 502508 is divided by 332.
192
What is the remainder when 777779 is divided by 4861?
19
What is the remainder when 6088689 is divided by 1533?
1146
Calculate the remainder when 978260 is divided by 489126.
8
Calculate the remainder when 2006343 is divided by 6329.
50
Calculate the remainder when 28646 is divided by 3435.
1166
Calculate the remainder when 407179 is divided by 16.
11
What is the remainder when 138122 is divided by 7654?
350
Calculate the remainder when 15259791 is divided by 156.
27
Calculate the remainder when 3160474 is divided by 3413.
36
Calculate the remainder when 665970 is divided by 665951.
19
What is the remainder when 6240304 is divided by 6240303?
1
What is the remainder when 9262205 is divided by 4398?
17
What is the remainder when 1837334 is divided by 612438?
20
What is the remainder when 100162498 is divided by 26484?
10
Calculate the remainder when 160778 is divided by 32032.
618
Calculate the remainder when 32082183 is divided by 1646.
1643
Calculate the remainder when 3467036 is divided by 172.
32
Calculate the remainder when 9174 is divided by 744.
246
What is the remainder when 244320 is divided by 79?
52
Calculate the remainder when 152582363 is divided by 2066.
2065
What is the remainder when 14126067 is divided by 441?
396
What is the remainder when 1209105 is divided by 3190?
95
What is the remainder when 12618512 is divided by 77?
60
Calculate the remainder when 1701063 is divided by 230.
213
Calculate the remainder when 10775675 is divided by 251.
245
What is the remainder when 6884616 is divided by 29675?
16
Calculate the remainder when 341533 is divided by 34125.
283
What is the remainder when 46908720 is divided by 5?
0
Calculate the remainder when 73418 is divided by 2177.
1577
What is the remainder when 332099 is divided by 1323?
26
Calculate the remainder when 30263 is divided by 9414.
2021
Calculate the remainder when 1568340 is divided by 4149.
18
What is the remainder when 907079 is divided by 82457?
52
Calculate the remainder when 156218171 is divided by 2201.
2196
Calculate the remainder when 44806 is divided by 3176.
342
What is the remainder when 18259621 is divided by 647?
634
What is the remainder when 105154 is divided by 5520?
274
What is the remainder when 462179 is divided by 77015?
89
Calculate the remainder when 2224260 is divided by 32.
4
What is the remainder when 40525396 is divided by 13508444?
64
Calculate the remainder when 596972537 is divided by 3942.
3941
What is the remainder when 2142048 is divided by 20?
8
What is the remainder when 23408110 is divided by 483?
481
Calculate the remainder when 272162 is divided by 1985.
217
What is the remainder when 358313 is divided by 119433?
14
Calculate the remainder when 84833114 is divided by 22568.
2
Calculate the remainder when 385592 is divided by 8.
0
Calculate the remainder when 1484272 is divided by 43.
41
What is the remainder when 10259261 is divided by 945?
341
Calculate the remainder when 544327 is divided by 432.
7
What is the remainder when 116179406 is divided by 224?
14
Calculate the remainder when 1104952 is divided by 28.
16
What is the remainder when 287659 is divided by 1697?
866
Calculate the remainder when 296894 is divided by 137.
15
Calculate the remainder when 8493125 is divided by 4246537.
51
What is the remainder when 58128 is divided by 697?
277
Calculate the remainder when 65339992 is divided by 26.
16
What is the remainder when 464343 is divided by 11899?
282
Calculate the remainder when 3562280 is divided by 148428.
8
Calculate the remainder when 49468300 is divided by 74.
40
Calculate the remainder when 120227 is divided by 24040.
27
What is the remainder when 416918 is divided by 2342?
42
What is the remainder when 5797801 is divided by 3886?
3775
What is the remainder when 3962727 is divided by 1320906?
9
Calculate the remainder when 14102769 is divided by 22.
21
Calculate the remainder when 116410 is divided by 38734.
208
What is the remainder when 3880212 is divided by 11?
6
Calculate the remainder when 14472001 is divided by 1447194.
61
What is the remainder when 160228 is divided by 4301?
1091
Calculate the remainder when 1930946 is divided by 2269.
27
Calculate the remainder when 5861232 is divided by 1903.
1895
What is the remainder when 730399 is divided by 2659?
1833
Calculate the remainder when 535993 is divided by 74.
11
What is the remainder when 125903220 is divided by 175?
170
Calculate the remainder when 351514 is divided by 43749.
1522
What is the remainder when 484087 is divided by 9879?
16
What is the remainder when 289402718 is divided by 32?
30
What is the remainder when 13182672 is divided by 93?
15
What is the remainder when 6192512 is divided by 1017?
1016
What is the remainder when 82472275 is divided by 853?
823
Calculate the remainder when 15142 is divided by 1381.
1332
Calculate the remainder when 256770 is divided by 42786.
54
Calculate the remainder when 826473 is divided by 13.
11
Calculate the remainder when 14087 is divided by 1874.
969
What is the remainder when 2689405 is divided by 291?
274
What is the remainder when 47231285 is divided by 4019?
4016
Calculate the remainder when 961631 is divided by 120173.
247
What is the remainder when 450135 is divided by 553?
546
What is the remainder when 2358960 is divided by 57?
15
Calculate the remainder when 15938 is divided by 3161.
133
What is the remainder when 3624918 is divided by 24?
6
Calculate the remainder when 20201413 is divided by 90.
13
What is the remainder when 9183 is divided by 1610?
1133
What is the remainder when 36789676 is divided by 3928?
28
Calculate the remainde